{"id":306,"date":"2020-11-22T16:52:13","date_gmt":"2020-11-22T15:52:13","guid":{"rendered":"https:\/\/ocevents83.fr\/?page_id=306"},"modified":"2020-11-29T13:48:00","modified_gmt":"2020-11-29T12:48:00","slug":"hospitalites","status":"publish","type":"page","link":"https:\/\/ocevents83.fr\/?page_id=306","title":{"rendered":"Hospitalit\u00e9s"},"content":{"rendered":"\n<div class=\"wp-block-group\"><div class=\"wp-block-group__inner-container\">\n<div class=\"wp-block-group\"><div class=\"wp-block-group__inner-container\">\n<h1 class=\"has-text-align-center has-text-color\" style=\"color:#ff0105\">UNE AGENCE EXPERTE EN HOSPITALIT\u00c9S DANS LE SPORT OU DANS LA CULTURE<\/h1>\n\n\n\n<div style=\"height:48px\" aria-hidden=\"true\" class=\"wp-block-spacer\"><\/div>\n\n\n\n<h2 class=\"has-text-align-center has-text-color\" style=\"color:#ff0004\"><em>Faites vivre \u00e0 vos invit\u00e9s des \u00e9v\u00e9nements dans des conditions privil\u00e9gi\u00e9es<\/em><\/h2>\n\n\n\n<div class=\"wp-block-media-text alignwide has-media-on-the-right is-stacked-on-mobile is-vertically-aligned-center\" style=\"grid-template-columns:auto 47%\"><figure class=\"wp-block-media-text__media\"><img loading=\"lazy\" width=\"960\" height=\"720\" src=\"https:\/\/ocevents83.fr\/wp-content\/uploads\/2020\/11\/25550384_10156858441276521_8480565653036466190_n-1.jpg\" alt=\"\" class=\"wp-image-336\" srcset=\"https:\/\/ocevents83.fr\/wp-content\/uploads\/2020\/11\/25550384_10156858441276521_8480565653036466190_n-1.jpg 960w, https:\/\/ocevents83.fr\/wp-content\/uploads\/2020\/11\/25550384_10156858441276521_8480565653036466190_n-1-300x225.jpg 300w, https:\/\/ocevents83.fr\/wp-content\/uploads\/2020\/11\/25550384_10156858441276521_8480565653036466190_n-1-768x576.jpg 768w\" sizes=\"(max-width: 960px) 100vw, 960px\" \/><\/figure><div class=\"wp-block-media-text__content\">\n<h5 class=\"has-text-align-center\"><strong><em>Nous sommes experts dans le domaine de l&rsquo;hospitalit\u00e9 sportive et \u00e0 ce titre nous vous proposons une large gamme de prestations VIP, tant dans le milieu sportif que dans le milieu artistique ou culturel<\/em><\/strong><\/h5>\n<\/div><\/div>\n\n\n\n<h4 class=\"has-text-align-center\"><\/h4>\n\n\n\n<div style=\"height:46px\" aria-hidden=\"true\" class=\"wp-block-spacer\"><\/div>\n\n\n\n<figure class=\"wp-block-gallery columns-3 is-cropped\"><ul class=\"blocks-gallery-grid\"><li class=\"blocks-gallery-item\"><figure><a href=\"https:\/\/ocevents83.fr\/wp-content\/uploads\/2020\/11\/26165562_10214597175152814_1350887952917269790_n.jpg\"><img loading=\"lazy\" width=\"960\" height=\"540\" src=\"https:\/\/ocevents83.fr\/wp-content\/uploads\/2020\/11\/26165562_10214597175152814_1350887952917269790_n.jpg\" alt=\"\" data-id=\"161\" data-full-url=\"https:\/\/ocevents83.fr\/wp-content\/uploads\/2020\/11\/26165562_10214597175152814_1350887952917269790_n.jpg\" data-link=\"https:\/\/ocevents83.fr\/?attachment_id=161\" class=\"wp-image-161\" srcset=\"https:\/\/ocevents83.fr\/wp-content\/uploads\/2020\/11\/26165562_10214597175152814_1350887952917269790_n.jpg 960w, https:\/\/ocevents83.fr\/wp-content\/uploads\/2020\/11\/26165562_10214597175152814_1350887952917269790_n-300x169.jpg 300w, https:\/\/ocevents83.fr\/wp-content\/uploads\/2020\/11\/26165562_10214597175152814_1350887952917269790_n-768x432.jpg 768w\" sizes=\"(max-width: 960px) 100vw, 960px\" \/><\/a><\/figure><\/li><li class=\"blocks-gallery-item\"><figure><a href=\"https:\/\/ocevents83.fr\/wp-content\/uploads\/2020\/11\/20229021_10203449762360510_492982096834844517_n.jpg\"><img loading=\"lazy\" width=\"960\" height=\"720\" src=\"https:\/\/ocevents83.fr\/wp-content\/uploads\/2020\/11\/20229021_10203449762360510_492982096834844517_n.jpg\" alt=\"\" data-id=\"315\" data-full-url=\"https:\/\/ocevents83.fr\/wp-content\/uploads\/2020\/11\/20229021_10203449762360510_492982096834844517_n.jpg\" data-link=\"https:\/\/ocevents83.fr\/?attachment_id=315\" class=\"wp-image-315\" srcset=\"https:\/\/ocevents83.fr\/wp-content\/uploads\/2020\/11\/20229021_10203449762360510_492982096834844517_n.jpg 960w, https:\/\/ocevents83.fr\/wp-content\/uploads\/2020\/11\/20229021_10203449762360510_492982096834844517_n-300x225.jpg 300w, https:\/\/ocevents83.fr\/wp-content\/uploads\/2020\/11\/20229021_10203449762360510_492982096834844517_n-768x576.jpg 768w\" sizes=\"(max-width: 960px) 100vw, 960px\" \/><\/a><\/figure><\/li><li class=\"blocks-gallery-item\"><figure><a href=\"https:\/\/ocevents83.fr\/wp-content\/uploads\/2020\/11\/49652234_10205474893787530_5370498682548387840_n-1.jpg\"><img loading=\"lazy\" width=\"960\" height=\"720\" src=\"https:\/\/ocevents83.fr\/wp-content\/uploads\/2020\/11\/49652234_10205474893787530_5370498682548387840_n-1.jpg\" alt=\"\" data-id=\"328\" data-full-url=\"https:\/\/ocevents83.fr\/wp-content\/uploads\/2020\/11\/49652234_10205474893787530_5370498682548387840_n-1.jpg\" data-link=\"https:\/\/ocevents83.fr\/?attachment_id=328\" class=\"wp-image-328\" srcset=\"https:\/\/ocevents83.fr\/wp-content\/uploads\/2020\/11\/49652234_10205474893787530_5370498682548387840_n-1.jpg 960w, https:\/\/ocevents83.fr\/wp-content\/uploads\/2020\/11\/49652234_10205474893787530_5370498682548387840_n-1-300x225.jpg 300w, https:\/\/ocevents83.fr\/wp-content\/uploads\/2020\/11\/49652234_10205474893787530_5370498682548387840_n-1-768x576.jpg 768w\" sizes=\"(max-width: 960px) 100vw, 960px\" \/><\/a><\/figure><\/li><\/ul><\/figure>\n\n\n\n<p><\/p>\n<\/div><\/div>\n\n\n\n<p><\/p>\n<\/div><\/div>\n\n\n\n<div class=\"wp-block-columns\">\n<div class=\"wp-block-column\">\n<p class=\"has-text-align-center\"><strong><em>Nous sommes experts dans le domaine des relations publiques en rapport avec le sport et vous proposons une large gamme de prestations VIP dont vos clients pourront b\u00e9n\u00e9ficier lors d&rsquo;\u00e9v\u00e9nements sportifs<\/em><\/strong><\/p>\n<\/div>\n\n\n\n<div class=\"wp-block-column\">\n<p class=\"has-text-align-center\"><strong><em>OC Events est la valeur sure de l&rsquo;hospitalit\u00e9 et propose une qualit\u00e9 de service ainsi qu&rsquo;une offre tr\u00e8s compl\u00e8te, football, cyclisme, basket, concert, et bien plus encore<\/em><\/strong>&#8230;.<\/p>\n<\/div>\n\n\n\n<div class=\"wp-block-column\">\n<p class=\"has-text-align-center\"><strong><em>En concevant des op\u00e9rations de relation publique dans le sport d&rsquo;une grande diversit\u00e9, OC Events propose une solution adapt\u00e9e sur chaque \u00e9v\u00e9nement et ceci quels que soient la discipline cibl\u00e9e ou votre budget.<\/em><\/strong><\/p>\n<\/div>\n<\/div>\n\n\n\n<div id=\"wp-block-themeisle-blocks-slider-ae5871c0\" class=\"wp-block-themeisle-blocks-slider glide\" data-per-view=\"1\" data-gap=\"0\" data-peek=\"0\" data-autoplay=\"false\" data-height=\"495px\" data-hide-arrows=\"false\"><div class=\"glide__track\" data-glide-el=\"track\"><div class=\"glide__slides\"><div class=\"wp-block-themeisle-blocks-slider-item-wrapper glide__slide\" tabindex=\"0\"><figure><img class=\"wp-block-themeisle-blocks-slider-item\" src=\"https:\/\/ocevents83.fr\/wp-content\/uploads\/2020\/11\/25443274_10214506843894589_677045561404636437_n-1.jpg\" alt=\"\" title=\"\" data-id=\"334\"\/><\/figure><\/div><div class=\"wp-block-themeisle-blocks-slider-item-wrapper glide__slide\" tabindex=\"0\"><figure><img class=\"wp-block-themeisle-blocks-slider-item\" src=\"https:\/\/ocevents83.fr\/wp-content\/uploads\/2020\/11\/26047184_10214597176752854_5788685677347035121_n-1.jpg\" alt=\"\" title=\"\" data-id=\"327\"\/><\/figure><\/div><div class=\"wp-block-themeisle-blocks-slider-item-wrapper glide__slide\" tabindex=\"0\"><figure><img class=\"wp-block-themeisle-blocks-slider-item\" src=\"https:\/\/ocevents83.fr\/wp-content\/uploads\/2020\/11\/26047217_10214597177552874_4309274022118981844_n.jpg\" alt=\"\" title=\"\" data-id=\"159\"\/><\/figure><\/div><div class=\"wp-block-themeisle-blocks-slider-item-wrapper glide__slide\" tabindex=\"0\"><figure><img class=\"wp-block-themeisle-blocks-slider-item\" src=\"https:\/\/ocevents83.fr\/wp-content\/uploads\/2020\/11\/48379903_10157960761501521_5029541191926939648_o.jpg\" alt=\"\" title=\"\" data-id=\"173\"\/><\/figure><\/div><div class=\"wp-block-themeisle-blocks-slider-item-wrapper glide__slide\" tabindex=\"0\"><figure><img class=\"wp-block-themeisle-blocks-slider-item\" src=\"https:\/\/ocevents83.fr\/wp-content\/uploads\/2020\/11\/18423231_927892977350880_2835672928407606319_o.jpg\" alt=\"\" title=\"\" data-id=\"141\"\/><\/figure><\/div><div class=\"wp-block-themeisle-blocks-slider-item-wrapper glide__slide\" tabindex=\"0\"><figure><img class=\"wp-block-themeisle-blocks-slider-item\" src=\"https:\/\/ocevents83.fr\/wp-content\/uploads\/2020\/11\/118373653_2752545211668647_1615882280156821099_o.jpg\" alt=\"\" title=\"\" data-id=\"104\"\/><\/figure><\/div><\/div><div class=\"glide__bullets\" data-glide-el=\"controls[nav]\"><button class=\"glide__bullet\" data-glide-dir=\"=0\"><\/button><button class=\"glide__bullet\" data-glide-dir=\"=1\"><\/button><button class=\"glide__bullet\" data-glide-dir=\"=2\"><\/button><button class=\"glide__bullet\" data-glide-dir=\"=3\"><\/button><button class=\"glide__bullet\" data-glide-dir=\"=4\"><\/button><button class=\"glide__bullet\" data-glide-dir=\"=5\"><\/button><\/div><\/div><\/div>\n","protected":false},"excerpt":{"rendered":"<p>Nous sommes experts dans le domaine des relations publiques en rapport avec le sport et vous proposons une large gamme de prestations VIP dont vos clients pourront b\u00e9n\u00e9ficier lors d&rsquo;\u00e9v\u00e9nements sportifs OC Events est la valeur sure de l&rsquo;hospitalit\u00e9 et propose une qualit\u00e9 de service ainsi qu&rsquo;une offre tr\u00e8s compl\u00e8te, [&hellip;]<\/p>\n","protected":false},"author":1,"featured_media":0,"parent":0,"menu_order":0,"comment_status":"closed","ping_status":"closed","template":"","meta":[],"_links":{"self":[{"href":"https:\/\/ocevents83.fr\/index.php?rest_route=\/wp\/v2\/pages\/306"}],"collection":[{"href":"https:\/\/ocevents83.fr\/index.php?rest_route=\/wp\/v2\/pages"}],"about":[{"href":"https:\/\/ocevents83.fr\/index.php?rest_route=\/wp\/v2\/types\/page"}],"author":[{"embeddable":true,"href":"https:\/\/ocevents83.fr\/index.php?rest_route=\/wp\/v2\/users\/1"}],"replies":[{"embeddable":true,"href":"https:\/\/ocevents83.fr\/index.php?rest_route=%2Fwp%2Fv2%2Fcomments&post=306"}],"version-history":[{"count":40,"href":"https:\/\/ocevents83.fr\/index.php?rest_route=\/wp\/v2\/pages\/306\/revisions"}],"predecessor-version":[{"id":467,"href":"https:\/\/ocevents83.fr\/index.php?rest_route=\/wp\/v2\/pages\/306\/revisions\/467"}],"wp:attachment":[{"href":"https:\/\/ocevents83.fr\/index.php?rest_route=%2Fwp%2Fv2%2Fmedia&parent=306"}],"curies":[{"name":"wp","href":"https:\/\/api.w.org\/{rel}","templated":true}]}}